-s - 21*g, 3*g - 5582 = -5*s. What is the tens digit of s?
1
Let y(d) = 10*d**2 - 3*d - 2. Let i be y(-3). Suppose 2*n = -3*n + 290. Let c = i - n. What is the units digit of c?
9
Let h(d) = 1654*d**3 + 2*d**2 + 12*d - 15. What is the thousands digit of h(1)?
1
Suppose 0 = -m + 2*m + 30. Let r be -2 + -1 + 9 + (4 - 6). What is the tens digit of (4 + m/r)*-6?
2
Let x(y) = -y**3 + 14*y**2 + 15*y + 4. Let m be x(15). Suppose -6*f + 2*d = -f - 203, 209 = 5*f + m*d. What is the tens digit of f?
4
What is the units digit of 39/13*1553*1?
9
Suppose -h + 5*l + 32 = -12, -4*l + 8 = h. What is the units digit of h?
4
Let k(v) = -v**3 + 3*v**2 + 2*v + 5. Let z be k(4). Let i be z/(-9)*(4 - -2). What is the units digit of -3 - (-2)/(i/49)?
6
Suppose -f + p + 574 = 0, 2*f + 12*p - 10*p - 1128 = 0. What is the hundreds digit of f?
5
Let j = 1083 + -732. What is the units digit of j?
1
Let j be 11 + -15 - 64/(-1). Suppose -3*n = 4*l - 68 - j, 0 = 4*l - n - 112. What is the tens digit of l?
2
Let o = -3 + 6. Suppose 2*w = 2, 3*w + 12 = 8*k - o*k. Suppose -54 = -3*b - k*j, b + 4*j - 2 - 1 = 0. What is the tens digit of b?
2
Suppose 0 = f - 2*f + 8. Suppose -25 + 106 = 3*y. Suppose y = a + 4*r, -r + 181 - f = 5*a. What is the tens digit of a?
3
Suppose 0 = 2*r - 84 - 534. What is the units digit of r?
9
Let g = -3729 - -6043. What is the units digit of g?
4
Let c be -1*(-9 + 9 + -4) - 2. Let g(m) = -m**2 - 5*m - 4. Let o be g(-3). Suppose -o*d = x + x - 60, c*d = -3*x + 63. What is the units digit of d?
7
Let a(r) = r**2 - 10. Let t be a(11). Let l = 201 - t. What is the tens digit of l?
9
Let b = 594 - 38. Suppose b + 99 = 5*l. Suppose 5*s - 5*v = -v + 139, -l = -5*s - 4*v. What is the units digit of s?
7
Suppose -6*s + 11*s = 7565. What is the thousands digit of s?
1
Let l(u) = 5*u**3 + 6 - 10 - 4*u**3 + 20*u - 12 - 14*u**2. What is the units digit of l(13)?
5
Let j be ((-6)/(-4))/(30/80). Suppose j*q = 5*y - 38 + 6, -3*y = 3*q - 3. What is the units digit of (2/y)/(2/244)?
1
Suppose -4 = -j - 2, f + 4*j = 17. Let c(z) = z**2 - 8*z + 9. What is the units digit of c(f)?
8
Let o = 68 + 643. Let z = o - 466. What is the units digit of z?
5
Suppose 2*j = -4*d + 5030, 0 = -2*d - 15*j + 20*j + 2545. What is the units digit of d?
0
Suppose 3*d = z + 6*d - 1, z = 4*d + 8. Suppose -c = z*c - 20. What is the units digit of c?
4
Let q(m) = m**2 - m + 2. Let z = 16 + -14. Let y be q(z). Suppose 3*t + 5*n = -2*t + 10, t + 10 = -y*n. What is the units digit of t?
6
Let r = 4 - -1. Suppose -r*y + 2*j - 11 = 9, -15 = -3*j. What is the units digit of (-74)/(-12) - y/(-12)?
6
Suppose 22*y - 20*y + 198 = 0. Let q(g) = g**3 - 11*g**2 + 12*g + 12. Let h be q(9). Let t = h - y. What is the tens digit of t?
5
Suppose -l = -5*l - 756. Let t = l + 325. What is the hundreds digit of t?
1
Suppose -3*w - 2*w = -175. Suppose 2*g = 153 - w. What is the tens digit of g?
5
Let k = -44 + 77. Let a = 7 - 3. Suppose 4*i + k + 15 = 2*v, a*i = 20. What is the tens digit of v?
3
Let y(i) = 2 + 10*i**2 - 1 - 4 + 4*i. Let s be y(2). Suppose 4*l = 27 + s. What is the tens digit of l?
1
Let x = -15 + 20. Suppose 4*b = x*c - 227, -4*c + 290 - 106 = -2*b. What is the units digit of c?
7
Let n = 1724 + -1316. What is the units digit of n?
8
Suppose -1113 - 27223 = -7*f. What is the tens digit of f?
4
Let n(h) = h**3 - 13*h**2 - 14*h + 2. Let c be n(14). Suppose 4*i = 5*v + 210, -v = 3*v + c*i + 168. What is the tens digit of (v/(-56))/(2/40)?
1
Let k be (0 - -6)/(-2)*-1. Suppose k*j = j + 112. Suppose 4*d = -3*x + j, -4*x - d + 8 = -45. What is the tens digit of x?
1
Let q = -3 + 5. Suppose 0 = 3*w + 4*n - 169, q*w - 113 = 4*n - 7*n. Let c = w - 33. What is the units digit of c?
2
Let d(j) = -1 - 10*j - j**3 - 6*j**2 + 4*j - j**2 + 4. Let a be d(-6). What is the units digit of (-128)/(-24) + (-1)/a?
5
Let y(v) = -7*v. Suppose -3*l = -l + 2. Let q(b) = 1. Let s(j) = l*y(j) - 2*q(j). What is the units digit of s(3)?
9
Let n(g) = 8*g + 1. Let x be n(-1). Let q = 34 - 6. Let p = q + x. What is the units digit of p?
1
Let k be 2/10 - (-56)/20. Suppose 15 = k*j - 6. What is the units digit of j?
7
Let j(y) = -y - 8. Let l be j(-4). Let p(a) = a**3 + 3*a**2 - 4*a - 6. Let w be p(l). What is the units digit of ((-4)/w)/((-12)/(-432))?
4
Suppose 21*v + 17263 = 51955. What is the thousands digit of v?
1
Let u be 57 - (4 - 21/3). Suppose 5*q - u = 4*q. Suppose -2*r - q = -3*r. What is the units digit of r?
0
Suppose -2*p = -3 - 7. Suppose 3*w = 15, -p*q + 3*w + 2*w = -215. Suppose -2*f + q - 8 = 0. What is the tens digit of f?
2
Suppose 4*t + 5*b + 173 = 0, -3*t - 2*b - 18 - 110 = 0. Let i = -84 + 169. Let r = t + i. What is the units digit of r?
3
Let z = 70 - 69. Suppose 2*n = -u - 11, -u - 2*u - 18 = 3*n. What is the tens digit of u/(z/(-4)) - -48?
5
Let q(t) = -t**3 + 32*t**2 - 87*t + 4. What is the thousands digit of q(20)?
3
Suppose 3*w + 2*f = -2*w + 170, 0 = -2*w - 5*f + 89. Let b = w - 26. What is the units digit of b?
6
Suppose -4*c + 2*m + 28 = 0, 3*c + 2*m = -2*m + 10. Suppose -2*h = -4*v - 20, -2*h - 60 = -c*h - 2*v. What is the tens digit of (-6)/14 + 202/h?
1
Let l = 78 - 43. Let c = 22 - l. What is the units digit of (-1980)/(-143) + (-2)/c?
4
Let g(i) be the first derivative of 8*i**2 + 3*i - 1. What is the tens digit of g(3)?
5
Suppose -4*k = 3*i - 4488, k = -3*i + 949 + 182. What is the hundreds digit of k?
1
Let l = -239 + 545. What is the tens digit of l?
0
Let h be 11/2*(-1 + -1). Let g(a) = -16*a + 22. What is the tens digit of g(h)?
9
Suppose 686 = 8*r - r. Let i = r + -46. What is the tens digit of i?
5
Suppose -2*v = -170 - 84. Let o = 180 - v. Suppose -3*k = -5*p + 77, -3*p + o = 2*k + 3*k. What is the tens digit of p?
1
Suppose -9 = -3*r + u, 0*u = -3*r - 2*u. Suppose -6 = 2*v + r. Let p = v + 26. What is the tens digit of p?
2
Let v be 0 - -1 - (-5 - -5). Let o be (7/(-14))/(v/6). What is the tens digit of (-2)/(-3) - 70/o?
2
Suppose 0*h = -2*h - 264. Let x = h - -211. What is the tens digit of x?
7
Let t = -5 - -2. Let s = 8 + t. Suppose 34 + 9 = 3*l - 4*n, -8 = -l - s*n. What is the tens digit of l?
1
Let m be ((-538)/4)/(7/(-14)). Suppose 2*k - 5*k + 5*a + 150 = 0, -2*a = -5*k + m. What is the units digit of k?
5
Let v be (27/6)/(5/10). Let d(k) = k**2 - 7*k - 13. Let u be d(v). Suppose 89 = u*n - 86. What is the units digit of n?
5
Suppose -54*q = -51*q - 4008. What is the hundreds digit of q?
3
Let n(z) = -2*z**3 - 4*z**2 - 3*z - 2. Let u be n(-2). Suppose -17 = u*i - 181. What is the units digit of i?
1
Let k be 1/(-4) + (-2)/(-8). Suppose 0 = 5*b - k*b. Suppose b*c = -2*c + 2*g + 68, 5*c - 160 = 3*g. What is the units digit of c?
9
Suppose 0 = 12*h - 85 - 215. What is the units digit of h?
5
Let i(b) = -10*b**3 + 5*b**2 + 11*b - 7. What is the hundreds digit of i(-3)?
2
Suppose 2*t = -3*h + 19, -11 - 50 = -5*h + 4*t. Suppose -6 = -d + h. What is the units digit of d?
5
Suppose 113 = -u - 63. Let p = u + 279. What is the tens digit of p?
0
Let m(t) = t**2 + 4*t + 4. Let v be m(0). Suppose -4*y + 0*y = -3*q + 69, v*q - 96 = 4*y. What is the units digit of q?
7
What is the thousands digit of -1 + (-3123)/(-1) + 370/(-74)?
3
Let b(j) = -j**3 + 24*j**2 + 29*j - 60. What is the hundreds digit of b(20)?
1
Suppose 6*v + 241 - 691 = 0. What is the tens digit of v?
7
What is the tens digit of (-76)/(-247) + 20744/13?
9
Let b(r) = r**2 - 8*r + 14. Let w be b(6). Let a(m) = 0*m**2 - 5*m**w + 6*m**2 - 12. What is the tens digit of a(-7)?
3
Let z(o) = -7*o + 15. Let j be z(6). Let k = -22 - j. Suppose -3*b + 55 = 4*l, -4*l + 5*l - 35 = -k*b. What is the tens digit of l?
1
Let v(o) = 3*o - 34. Let k be v(12). Suppose 2*x = 0, -k*b - 3*x = 2*b - 264. What is the units digit of b?
6
Let g(p) = 6*p + 11. Let m(b) = b**2 + 12*b + 23. Let r(s) = -5*g(s) + 3*m(s). What is the units digit of r(-5)?
9
Suppose -2*s - 2*s = -80. Let n be (-50)/s*12/(-10). What is the units digit of n - (1 - -5)/(-3)?
5
What is the hundreds digit of (-2)/5 + ((-47448)/15)/(-8)?
3
Let d(m) be the first derivative of m**4/12 + m**3/6 + m**2 - 4*m + 5. Let o(c) be the first derivative of d(c). What is the units digit of o(0)?
2
Let r = 938 - -227. What is the tens digit of r?
6
Suppose 0 = -4*j + 13*j - 13761. What is 